- 20?
612240452
In base 11, what is 262016984 - -1?
262016985
In base 4, what is -1011233 - -101112?
-310121
In base 6, what is 2 - 40514311201?
-40514311155
In base 13, what is 1 + 1619765?
1619766
In base 15, what is -9e2d + 8ae1?
-133c
In base 4, what is -2112032 - 11213121?
-13331213
In base 14, what is a26864 - -41?
a268a5
In base 14, what is -3c84b0a4 - 4?
-3c84b0a8
In base 4, what is -3 + 12102020211?
12102020202
In base 7, what is -655 - 325220?
-326205
In base 14, what is -6c74 + 66?
-6c0c
In base 16, what is -1d29 + -c3?
-1dec
In base 13, what is -104 + -b032?
-b136
In base 4, what is -11 - 12323121210302?
-12323121210313
In base 5, what is 30322130230 + -1?
30322130224
In base 5, what is -1024 - -414230443?
414224414
In base 4, what is -3 + 23303101031?
23303101022
In base 4, what is -33031 - 112121333?
-112221030
In base 11, what is -4 + -2a615009?
-2a615012
In base 15, what is 4c9 - -abbd?
b197
In base 14, what is 4a - 735c5?
-73579
In base 3, what is -120100002 - -10221?
-120012011
In base 15, what is 5 - -11b011?
11b016
In base 4, what is -202222231 - -2130?
-202220101
In base 2, what is -1010100010011000001010 + 10001?
-1010100010010111111001
In base 9, what is -877112 + 1302?
-875710
In base 3, what is -11212121001200211 + 20?
-11212121001200121
In base 16, what is -af869d - -3?
-af869a
In base 8, what is 20 + 16247035?
16247055
In base 10, what is -46557838 - 3?
-46557841
In base 6, what is -2425115 + -1350?
-2430505
In base 2, what is -11001101 + 10100010011110000011111?
10100010011101101010010
In base 12, what is 21 + 1592360a?
1592362b
In base 7, what is 1160236 + 231?
1160500
In base 7, what is -1253 + 16106224?
16104641
In base 13, what is -4 - -4554927?
4554923
In base 6, what is 25023333 - -32?
25023405
In base 7, what is -12 + 136406232?
136406220
In base 15, what is 338 + 1438?
1771
In base 10, what is -1816824 + 9?
-1816815
In base 11, what is -3 - -497222?
49721a
In base 15, what is 3 + -a6211b?
-a62118
In base 15, what is -1c6 + 7371?
719a
In base 8, what is -256265554 + -5?
-256265561
In base 6, what is -351105 - 4240?
-355345
In base 3, what is 11 - -1120110201022111?
1120110201022122
In base 15, what is -2a - 31ea?
-3225
In base 4, what is -21010 + 221220?
200210
In base 11, what is 5 + -5a24517?
-5a24512
In base 13, what is -2 - 43009aa?
-43009ac
In base 14, what is -43a72 - 3ad?
-44041
In base 2, what is -110111 - -11001001110001101?
11001001101010110
In base 12, what is -4418009 + 7?
-4418002
In base 2, what is -101 - -1011011111101000011011111?
1011011111101000011011010
In base 15, what is -5 + -c5193d?
-c51943
In base 11, what is 4 + -201a04a5?
-201a04a1
In base 10, what is -5 - -30841288?
30841283
In base 4, what is 12213100 + 1101013?
13320113
In base 4, what is -21230002 + 110131?
-21113211
In base 11, what is -1 + 791212a?
7912129
In base 8, what is 620 - 26770?
-26150
In base 8, what is 326072 - 1?
326071
In base 10, what is -9 - -461083?
461074
In base 8, what is 5061 + -75636?
-70555
In base 2, what is -1000001010100001 - 111001?
-1000001011011010
In base 7, what is -23056 - 4624?
-31013
In base 6, what is -123215421232 - 3?
-123215421235
In base 7, what is -55 + 6335554?
6335466
In base 9, what is 3 - 11255164?
-11255161
In base 14, what is -d + -8d53?
-8d62
In base 12, what is -9426 - -2b38b?
21b65
In base 9, what is -43314573 - 1?
-43314574
In base 4, what is 30332 + 112320?
203312
In base 12, what is -1301b60 - 1?
-1301b61
In base 3, what is -11 + -1220222110200002?
-1220222110200020
In base 14, what is -643117 + 0?
-643117
In base 8, what is 106703 + 153?
107056
In base 6, what is 115441020 + 15?
115441035
In base 14, what is 1688a - 60?
1682a
In base 2, what is -11000011 + -100001001101111000?
-100001010000111011
In base 7, what is -3222 - -4215?
663
In base 11, what is 4 - 585635?
-585631
In base 12, what is 54 + -673a6?
-67352
In base 12, what is -47a299 - 5?
-47a2a2
In base 7, what is -15646 + 14202?
-1444
In base 5, what is 23333043410 + -10?
23333043400
In base 6, what is 1340130104 - -5?
1340130113
In base 11, what is -3855 + -1544?
-5299
In base 3, what is 0 + 1101012100201?
1101012100201
In base 2, what is 100000001001101001 + 1000101111010?
100001001111100011
In base 12, what is 236 + -3633?
-33b9
In base 3, what is 20220011112222121 - 2?
20220011112222112
In base 10, what is 8 + 7953?
7961
In base 5, what is 4 + 1211222241?
1211222300
In base 15, what is d8197c - 2?
d8197a
In base 13, what is 1432 - 9302c?
-918ca
In base 6, what is 134 + -11310051?
-11305513
In base 5, what is 12132113202 - -4?
12132113211
In base 6, what is -40542021 + -1?
-40542022
In base 3, what is -2022 + -221020110?
-221022202
In base 11, what is 1516024 - -1?
1516025
In base 13, what is -2c7527 - 1?
-2c7528
In base 4, what is 1110033002230 + 3?
1110033002233
In base 2, what is 1001001101 + -100000101010101?
-11111100001000
In base 5, what is -1221 + -1022241413?
-1022243134
In base 9, what is 60722 + 14480?
75312
In base 2, what is -11101 + 1000100111101010101100?
1000100111101010001111
In base 3, what is 200210012 + -2010020?
121122222
In base 3, what is 200 + -2110120010102?
-2110120002202
In base 9, what is -53025 + -347?
-53373
In base 3, what is 20010021110 - 11112?
20010002221
In base 6, what is 5 - -1553245520?
1553245525
In base 12, what is -790513 + -183?
-790696
In base 6, what is -2511 + 505045?
502134
In base 5, what is 44302234 + 31?
44302320
In base 9, what is 67 + 1348755?
1348833
In base 4, what is -101311 - -3000?
-32311
In base 7, what is -14 - -404640655?
404640641
In base 5, what is 13341020314 - -32?
13341020401
In base 13, what is -5bc9389 - -7?
-5bc9382
In base 14, what is -17 + 277c1?
277a8
In base 16, what is 23ef6c6 - 4?
23ef6c2
In base 9, what is 68 - 4100658?
-4100580
In base 10, what is -317 - -6323?
6006
In base 2, what is 10001 - 100011001011100001111011?
-100011001011100001101010
In base 5, what is -23144 + -10420414?
-10444113
In base 6, what is 45 - 53023011?
-53022522
In base 9, what is -544 - 28473?
-30127
In base 11, what is 19a7 + 397a?
5876
In base 9, what is -344 + -1421472?
-1421826
In base 9, what is -465183 - 0?
-465183
In base 2, what is -11010100010100100000 - 100100?
-11010100010101000100
In base 8, what is 617 + 206273?
207112
In base 3, what is 1012 - -1020201201011110?
1020201201012122
In base 3, what is -222000120120101 - -120?
-222000120112211
In base 12, what is -5248 - -b767?
651b
In base 11, what is -21 - -a18162?
a18141
In base 10, what is -6950 - -4505?
-2445
In base 4, what is -112201320 + -122?
-112202102
In base 6, what is 2422100 + -11232?
2410424
In base 14, what is 1153 - d90?
1a3
In base 15, what is -645 - -14d4?
d8e
In base 6, what is -14 - 24323523?
-24323541
In base 14, what is -2 + 350763?
350761
In base 5, what is -4 - -110140241032?
110140241023
In base 10, what is -43 - -486292?
486249
In base 13, what is 69c9265 - 8?
69c925a
In base 11, what is -12968 + 12269?
-6aa
In base 16, what is -7833d + -67?
-783a4
In base 15, what is -a7641a8 - 5?
-a7641ad
In base 8, what is -136254151 + 2?
-136254147
In base 9, what is -218447 - -223?
-218224
In base 3, what is 12 + 10010120101210?
10010120101222
In base 3, what is 122211201100112 - -1002?
122211201101121
In base 14, what is aa - 2aa35?
-2a969
In base 5, what is 13113103310 - 2?
13113103303
In base 9, what is -3226867 + 5?
-3226862
In base 15, what is 405da - 98?
40542
In base 12, what is -1 - -6279084?
6279083
In base 12, what is -91a772a - 2?
-91a7730
In base 8, what is -366 - 15070?
-15456
In base 5, what is 233 - 214343?
-214110
In base 4, what is -10 + 123023002110?
123023002100
In base 9, what is -25 - 1762724?
-1762750
In base 12, what is 8 - -8252407?
8252413
In base 12, what is 9910 - 4269?
5663
In base 13, what is 9 + 2773009?
2773015
In base 2, what is -10111010100110 - 10001000111?
-11001011101101
In base 9, what is -34474 + 7055?
-26418
In base 13, what is 17 + -a4234?
-a421a
In base 6, what is 224404124233 + 5?
224404124242
In base 3, what is -1 - -20022000121000?
20022000120222
In base 13, what is 12c756 - 36?
12c720
In base 2, what is -111110110 - 11000000011110?
-11001000010100
In base 6, what is -11 - -103010415?
103010404
In base 2, what is -1010111000010110111110 + 1001010?